[INFO] cloning repository https://github.com/axos88/out_dir_bug
[INFO] running `Command { std: "git" "-c" "credential.helper=" "-c" "credential.helper=/workspace/cargo-home/bin/git-credential-null" "clone" "--bare" "https://github.com/axos88/out_dir_bug" "/workspace/cache/git-repos/https%3A%2F%2Fgithub.com%2Faxos88%2Fout_dir_bug", kill_on_drop: false }`
[INFO] [stderr] Cloning into bare repository '/workspace/cache/git-repos/https%3A%2F%2Fgithub.com%2Faxos88%2Fout_dir_bug'...
[INFO] running `Command { std: "git" "rev-parse" "HEAD", kill_on_drop: false }`
[INFO] [stdout] 4f5ae460809abb2ac3c7ffad50e97ce5bd5a63cd
[INFO] checking axos88/out_dir_bug against master#9610dfe5a9a731ced1ea4923ecbd0c57fe367898 for beta-170-4
[INFO] running `Command { std: "git" "clone" "/workspace/cache/git-repos/https%3A%2F%2Fgithub.com%2Faxos88%2Fout_dir_bug" "/workspace/builds/worker-1-tc1/source", kill_on_drop: false }`
[INFO] [stderr] Cloning into '/workspace/builds/worker-1-tc1/source'...
[INFO] [stderr] done.
[INFO] validating manifest of git repo https://github.com/axos88/out_dir_bug on toolchain 9610dfe5a9a731ced1ea4923ecbd0c57fe367898
[INFO] running `Command { std: CARGO_HOME="/workspace/cargo-home" RUSTUP_HOME="/workspace/rustup-home" "/workspace/cargo-home/bin/cargo" "+9610dfe5a9a731ced1ea4923ecbd0c57fe367898" "metadata" "--manifest-path" "Cargo.toml" "--no-deps", kill_on_drop: false }`
[INFO] started tweaking git repo https://github.com/axos88/out_dir_bug
[INFO] finished tweaking git repo https://github.com/axos88/out_dir_bug
[INFO] tweaked toml for git repo https://github.com/axos88/out_dir_bug written to /workspace/builds/worker-1-tc1/source/Cargo.toml
[INFO] crate git repo https://github.com/axos88/out_dir_bug already has a lockfile, it will not be regenerated
[INFO] running `Command { std: CARGO_HOME="/workspace/cargo-home" RUSTUP_HOME="/workspace/rustup-home" "/workspace/cargo-home/bin/cargo" "+9610dfe5a9a731ced1ea4923ecbd0c57fe367898" "fetch" "--manifest-path" "Cargo.toml", kill_on_drop: false }`
[INFO] [stderr]     Blocking waiting for file lock on package cache
[INFO] [stderr]     Blocking waiting for file lock on package cache
[INFO] [stderr]  Downloading crates ...
[INFO] [stderr]   Downloaded flate2 v1.0.4
[INFO] [stderr]   Downloaded includedir v0.4.0
[INFO] [stderr]   Downloaded includedir_codegen v0.4.0
[INFO] running `Command { std: "docker" "create" "-v" "/var/lib/crater-agent-workspace/builds/worker-1-tc1/target:/opt/rustwide/target:rw,Z" "-v" "/var/lib/crater-agent-workspace/builds/worker-1-tc1/source:/opt/rustwide/workdir:ro,Z" "-v" "/var/lib/crater-agent-workspace/cargo-home:/opt/rustwide/cargo-home:ro,Z" "-v" "/var/lib/crater-agent-workspace/rustup-home:/opt/rustwide/rustup-home:ro,Z" "-e" "SOURCE_DIR=/opt/rustwide/workdir" "-e" "CARGO_TARGET_DIR=/opt/rustwide/target" "-e" "CARGO_HOME=/opt/rustwide/cargo-home" "-e" "RUSTUP_HOME=/opt/rustwide/rustup-home" "-w" "/opt/rustwide/workdir" "-m" "1610612736" "--user" "0:0" "--network" "none" "ghcr.io/rust-lang/crates-build-env/linux@sha256:19e73879b68f455e41552ea35293514db52ea292d993f571636dbffedb77a1ee" "/opt/rustwide/cargo-home/bin/cargo" "+9610dfe5a9a731ced1ea4923ecbd0c57fe367898" "metadata" "--no-deps" "--format-version=1", kill_on_drop: false }`
[INFO] [stdout] 83b238668c4f2b15ccb8dfd70da370bdc6f859cbbf2ee2fcf8cbcfd352714e9f
[INFO] running `Command { std: "docker" "start" "-a" "83b238668c4f2b15ccb8dfd70da370bdc6f859cbbf2ee2fcf8cbcfd352714e9f", kill_on_drop: false }`
[INFO] running `Command { std: "docker" "inspect" "83b238668c4f2b15ccb8dfd70da370bdc6f859cbbf2ee2fcf8cbcfd352714e9f", kill_on_drop: false }`
[INFO] running `Command { std: "docker" "rm" "-f" "83b238668c4f2b15ccb8dfd70da370bdc6f859cbbf2ee2fcf8cbcfd352714e9f", kill_on_drop: false }`
[INFO] [stdout] 83b238668c4f2b15ccb8dfd70da370bdc6f859cbbf2ee2fcf8cbcfd352714e9f
[INFO] running `Command { std: "docker" "create" "-v" "/var/lib/crater-agent-workspace/builds/worker-1-tc1/target:/opt/rustwide/target:rw,Z" "-v" "/var/lib/crater-agent-workspace/builds/worker-1-tc1/source:/opt/rustwide/workdir:ro,Z" "-v" "/var/lib/crater-agent-workspace/cargo-home:/opt/rustwide/cargo-home:ro,Z" "-v" "/var/lib/crater-agent-workspace/rustup-home:/opt/rustwide/rustup-home:ro,Z" "-e" "SOURCE_DIR=/opt/rustwide/workdir" "-e" "CARGO_TARGET_DIR=/opt/rustwide/target" "-e" "CARGO_INCREMENTAL=0" "-e" "RUST_BACKTRACE=full" "-e" "RUSTFLAGS=--cap-lints=forbid" "-e" "RUSTDOCFLAGS=--cap-lints=forbid" "-e" "CARGO_HOME=/opt/rustwide/cargo-home" "-e" "RUSTUP_HOME=/opt/rustwide/rustup-home" "-w" "/opt/rustwide/workdir" "-m" "1610612736" "--user" "0:0" "--network" "none" "ghcr.io/rust-lang/crates-build-env/linux@sha256:19e73879b68f455e41552ea35293514db52ea292d993f571636dbffedb77a1ee" "/opt/rustwide/cargo-home/bin/cargo" "+9610dfe5a9a731ced1ea4923ecbd0c57fe367898" "check" "--frozen" "--all" "--all-targets" "--message-format=json", kill_on_drop: false }`
[INFO] [stdout] 947e42a0a62a38deafbdb7d1f978b25498dbf4f3939f2a47c91a46289d8320bc
[INFO] running `Command { std: "docker" "start" "-a" "947e42a0a62a38deafbdb7d1f978b25498dbf4f3939f2a47c91a46289d8320bc", kill_on_drop: false }`
[INFO] [stderr]    Compiling miniz-sys v0.1.11
[INFO] [stderr]    Compiling libc v0.2.43
[INFO] [stderr]    Compiling rand_core v0.3.0
[INFO] [stderr]    Compiling siphasher v0.2.3
[INFO] [stderr]    Compiling same-file v1.0.4
[INFO] [stderr]    Compiling walkdir v2.2.7
[INFO] [stderr]     Checking phf_shared v0.7.23
[INFO] [stderr]    Compiling rand_core v0.2.2
[INFO] [stderr]     Checking phf v0.7.23
[INFO] [stderr]    Compiling rand v0.5.5
[INFO] [stderr]    Compiling flate2 v1.0.4
[INFO] [stderr]     Checking includedir v0.4.0
[INFO] [stderr]    Compiling phf_generator v0.7.23
[INFO] [stderr]    Compiling phf_codegen v0.7.23
[INFO] [stderr]    Compiling includedir_codegen v0.4.0
[INFO] [stderr]    Compiling out_dir_bug v0.1.0 (/opt/rustwide/workdir)
[INFO] [stdout] error[E0432]: unresolved import `prelude`
[INFO] [stdout]  --> src/main.rs:6:5
[INFO] [stdout]   |
[INFO] [stdout] 6 | use prelude::*;
[INFO] [stdout]   |     ^^^^^^^
[INFO] [stdout]   |     |
[INFO] [stdout]   |     unresolved import
[INFO] [stdout]   |     help: a similar path exists: `std::prelude`
[INFO] [stdout] 
[INFO] [stdout] 
[INFO] [stdout] error[E0432]: unresolved import `env`
[INFO] [stdout]  --> src/foo.rs:1:5
[INFO] [stdout]   |
[INFO] [stdout] 1 | use env; // This is causing the bug
[INFO] [stdout]   |     ^^^ no `env` in the root
[INFO] [stdout]   |
[INFO] [stdout] help: consider importing this module instead
[INFO] [stdout]   |
[INFO] [stdout] 1 | use std::env; // This is causing the bug
[INFO] [stdout]   |     ~~~~~~~~
[INFO] [stdout] 
[INFO] [stdout] 
[INFO] [stdout] error: cannot determine resolution for the macro `env`
[INFO] [stdout]  --> src/foo.rs:3:18
[INFO] [stdout]   |
[INFO] [stdout] 3 | include!(concat!(env!("NON_EXISTENT"), "/data.rs"));
[INFO] [stdout]   |                  ^^^
[INFO] [stdout]   |
[INFO] [stdout]   = note: import resolution is stuck, try simplifying macro imports
[INFO] [stdout] 
[INFO] [stdout] 
[INFO] [stdout] error: aborting due to 3 previous errors
[INFO] [stdout] 
[INFO] [stdout] 
[INFO] [stdout] For more information about this error, try `rustc --explain E0432`.
[INFO] [stdout] 
[INFO] [stdout] error[E0432]: unresolved import `prelude`
[INFO] [stdout]  --> src/main.rs:6:5
[INFO] [stdout]   |
[INFO] [stdout] 6 | use prelude::*;
[INFO] [stdout]   |     ^^^^^^^
[INFO] [stdout]   |     |
[INFO] [stdout]   |     unresolved import
[INFO] [stdout]   |     help: a similar path exists: `std::prelude`
[INFO] [stdout] 
[INFO] [stdout] 
[INFO] [stdout] error[E0432]: unresolved import `env`
[INFO] [stdout]  --> src/foo.rs:1:5
[INFO] [stdout]   |
[INFO] [stdout] 1 | use env; // This is causing the bug
[INFO] [stdout]   |     ^^^ no `env` in the root
[INFO] [stdout]   |
[INFO] [stdout] help: consider importing this module instead
[INFO] [stdout]   |
[INFO] [stdout] 1 | use std::env; // This is causing the bug
[INFO] [stdout]   |     ~~~~~~~~
[INFO] [stdout] 
[INFO] [stdout] 
[INFO] [stdout] error: cannot determine resolution for the macro `env`
[INFO] [stdout]  --> src/foo.rs:3:18
[INFO] [stdout]   |
[INFO] [stdout] 3 | include!(concat!(env!("NON_EXISTENT"), "/data.rs"));
[INFO] [stdout]   |                  ^^^
[INFO] [stdout]   |
[INFO] [stdout]   = note: import resolution is stuck, try simplifying macro imports
[INFO] [stdout] 
[INFO] [stdout] 
[INFO] [stdout] error: aborting due to 3 previous errors
[INFO] [stdout] 
[INFO] [stdout] 
[INFO] [stdout] For more information about this error, try `rustc --explain E0432`.
[INFO] [stdout] 
[INFO] [stderr] error: could not compile `out_dir_bug` (bin "out_dir_bug") due to 4 previous errors
[INFO] [stderr] warning: build failed, waiting for other jobs to finish...
[INFO] [stderr] error: could not compile `out_dir_bug` (bin "out_dir_bug" test) due to 4 previous errors
[INFO] running `Command { std: "docker" "inspect" "947e42a0a62a38deafbdb7d1f978b25498dbf4f3939f2a47c91a46289d8320bc", kill_on_drop: false }`
[INFO] running `Command { std: "docker" "rm" "-f" "947e42a0a62a38deafbdb7d1f978b25498dbf4f3939f2a47c91a46289d8320bc", kill_on_drop: false }`
[INFO] [stdout] 947e42a0a62a38deafbdb7d1f978b25498dbf4f3939f2a47c91a46289d8320bc
